{"id":1112,"date":"2026-02-12T21:38:14","date_gmt":"2026-02-13T00:38:14","guid":{"rendered":"https:\/\/jornalconceitosaude.com.br\/?page_id=1112"},"modified":"2026-02-16T04:30:05","modified_gmt":"2026-02-16T07:30:05","slug":"gestando-o-futuro-da-fisiologia-da-gestao-a-amamentacao-vertical","status":"publish","type":"page","link":"https:\/\/jornalconceitosaude.com.br\/?page_id=1112","title":{"rendered":"GESTANDO O FUTURO &#8211; Da Fisiologia da Gest\u00e3o \u00e0 Amamenta\u00e7\u00e3o Vertical"},"content":{"rendered":"\n<hr class=\"wp-block-separator has-alpha-channel-opacity\"\/>\n\n\n\n<blockquote class=\"wp-block-quote is-layout-flow wp-block-quote-is-layout-flow\">\n<p><strong>Pr\u00e9-Natal Odontol\u00f3gico &#8211; A Engenharia dos 1000 Dias<\/strong><\/p>\n<\/blockquote>\n\n\n\n<hr class=\"wp-block-separator has-alpha-channel-opacity\"\/>\n\n\n<ul class=\"wp-block-latest-posts__list is-grid columns-2 has-author alignleft wp-block-latest-posts\"><li><div class=\"wp-block-latest-posts__featured-image aligncenter\"><img  title=\"\" loading=\"lazy\" decoding=\"async\" width=\"150\" height=\"150\" src=\"https:\/\/jornalconceitosaude.com.br\/wp-content\/uploads\/2026\/03\/heranca-webp-150x150.webp\" class=\"attachment-thumbnail size-thumbnail wp-post-image\"  alt=\"heranca-webp-150x150 GESTANDO O FUTURO - Da Fisiologia da Gest\u00e3o \u00e0 Amamenta\u00e7\u00e3o Vertical\"  style=\"\" \/><\/div><a class=\"wp-block-latest-posts__post-title\" href=\"https:\/\/jornalconceitosaude.com.br\/?p=1228\">A HERAN\u00c7A AL\u00c9M DO SANGUE: Voc\u00ea est\u00e1 legando Sa\u00fade ou Sobreviv\u00eancia?<\/a><div class=\"wp-block-latest-posts__post-author\">por Cezar Brites<\/div><\/li>\n<li><div class=\"wp-block-latest-posts__featured-image aligncenter\"><img  title=\"\" loading=\"lazy\" decoding=\"async\" width=\"150\" height=\"150\" src=\"https:\/\/jornalconceitosaude.com.br\/wp-content\/uploads\/2026\/02\/A-Inteligencia-Celular-e-o-Berco-da-Saude-Por-que-a-Funcao-Precede-a-Forma-150x150.jpg\" class=\"attachment-thumbnail size-thumbnail wp-post-image\"  alt=\"A-Inteligencia-Celular-e-o-Berco-da-Saude-Por-que-a-Funcao-Precede-a-Forma-150x150 GESTANDO O FUTURO - Da Fisiologia da Gest\u00e3o \u00e0 Amamenta\u00e7\u00e3o Vertical\"  style=\"\" \/><\/div><a class=\"wp-block-latest-posts__post-title\" href=\"https:\/\/jornalconceitosaude.com.br\/?p=1133\">A Intelig\u00eancia Celular e o Ber\u00e7o da Sa\u00fade: Por que a Fun\u00e7\u00e3o Precede a Forma?<\/a><div class=\"wp-block-latest-posts__post-author\">por Cezar Brites<\/div><\/li>\n<li><div class=\"wp-block-latest-posts__featured-image aligncenter\"><img  title=\"\" loading=\"lazy\" decoding=\"async\" width=\"150\" height=\"150\" src=\"https:\/\/jornalconceitosaude.com.br\/wp-content\/uploads\/2026\/02\/POSTS-LOGOS-E-FORMATO-JORNAL-POS-2-150x150.png\" class=\"attachment-thumbnail size-thumbnail wp-post-image\"  alt=\"POSTS-LOGOS-E-FORMATO-JORNAL-POS-2-150x150 GESTANDO O FUTURO - Da Fisiologia da Gest\u00e3o \u00e0 Amamenta\u00e7\u00e3o Vertical\"  style=\"\" \/><\/div><a class=\"wp-block-latest-posts__post-title\" href=\"https:\/\/jornalconceitosaude.com.br\/?p=1108\">AUDITORIA DA GESTANTE: O NARIZ \u00c9 O CORD\u00c3O UMBILICAL GASOSO<\/a><div class=\"wp-block-latest-posts__post-author\">por Cezar Brites<\/div><\/li>\n<li><div class=\"wp-block-latest-posts__featured-image aligncenter\"><img  title=\"\" loading=\"lazy\" decoding=\"async\" width=\"150\" height=\"150\" src=\"https:\/\/jornalconceitosaude.com.br\/wp-content\/uploads\/2026\/02\/Amamentar-na-Vertical-e-Ouro-150x150.jpg\" class=\"attachment-thumbnail size-thumbnail wp-post-image\"  alt=\"Amamentar-na-Vertical-e-Ouro-150x150 GESTANDO O FUTURO - Da Fisiologia da Gest\u00e3o \u00e0 Amamenta\u00e7\u00e3o Vertical\"  style=\"\" srcset=\"https:\/\/jornalconceitosaude.com.br\/wp-content\/uploads\/2026\/02\/Amamentar-na-Vertical-e-Ouro-150x150.jpg 150w, https:\/\/jornalconceitosaude.com.br\/wp-content\/uploads\/2026\/02\/Amamentar-na-Vertical-e-Ouro-300x300.jpg 300w, https:\/\/jornalconceitosaude.com.br\/wp-content\/uploads\/2026\/02\/Amamentar-na-Vertical-e-Ouro-100x100.jpg 100w\" sizes=\"auto, (max-width: 150px) 100vw, 150px\" \/><\/div><a class=\"wp-block-latest-posts__post-title\" href=\"https:\/\/jornalconceitosaude.com.br\/?p=935\">AMAMENTAR NA VERTICAL \u00c9 OURO!<\/a><div class=\"wp-block-latest-posts__post-author\">por Cezar Brites<\/div><\/li>\n<li><div class=\"wp-block-latest-posts__featured-image aligncenter\"><img  title=\"\" loading=\"lazy\" decoding=\"async\" width=\"150\" height=\"150\" src=\"https:\/\/jornalconceitosaude.com.br\/wp-content\/uploads\/2026\/02\/A-BOCA-E-O-NARIZ-NAO-SAO-ACESSORIOS-150x150.jpg\" class=\"attachment-thumbnail size-thumbnail wp-post-image\"  alt=\"A-BOCA-E-O-NARIZ-NAO-SAO-ACESSORIOS-150x150 GESTANDO O FUTURO - Da Fisiologia da Gest\u00e3o \u00e0 Amamenta\u00e7\u00e3o Vertical\"  style=\"\" srcset=\"https:\/\/jornalconceitosaude.com.br\/wp-content\/uploads\/2026\/02\/A-BOCA-E-O-NARIZ-NAO-SAO-ACESSORIOS-150x150.jpg 150w, https:\/\/jornalconceitosaude.com.br\/wp-content\/uploads\/2026\/02\/A-BOCA-E-O-NARIZ-NAO-SAO-ACESSORIOS-300x300.jpg 300w, https:\/\/jornalconceitosaude.com.br\/wp-content\/uploads\/2026\/02\/A-BOCA-E-O-NARIZ-NAO-SAO-ACESSORIOS-100x100.jpg 100w\" sizes=\"auto, (max-width: 150px) 100vw, 150px\" \/><\/div><a class=\"wp-block-latest-posts__post-title\" href=\"https:\/\/jornalconceitosaude.com.br\/?p=931\">A BOCA E O NARIZ N\u00c3O S\u00c3O ACESS\u00d3RIOS. S\u00c3O O SISTEMA DE SUPORTE \u00c0 VIDA.<\/a><div class=\"wp-block-latest-posts__post-author\">por Ant\u00f4nio Tavares Bueno Jr.<\/div><\/li>\n<li><div class=\"wp-block-latest-posts__featured-image aligncenter\"><img  title=\"\" loading=\"lazy\" decoding=\"async\" width=\"150\" height=\"150\" src=\"https:\/\/jornalconceitosaude.com.br\/wp-content\/uploads\/2026\/02\/A-VISAO-ODONTOCRONICOS-POR-QUE-A-BOCA-DITA-O-RITMO-DO-PARTO-150x150.jpg\" class=\"attachment-thumbnail size-thumbnail wp-post-image\"  alt=\"A-VISAO-ODONTOCRONICOS-POR-QUE-A-BOCA-DITA-O-RITMO-DO-PARTO-150x150 GESTANDO O FUTURO - Da Fisiologia da Gest\u00e3o \u00e0 Amamenta\u00e7\u00e3o Vertical\"  style=\"\" srcset=\"https:\/\/jornalconceitosaude.com.br\/wp-content\/uploads\/2026\/02\/A-VISAO-ODONTOCRONICOS-POR-QUE-A-BOCA-DITA-O-RITMO-DO-PARTO-150x150.jpg 150w, https:\/\/jornalconceitosaude.com.br\/wp-content\/uploads\/2026\/02\/A-VISAO-ODONTOCRONICOS-POR-QUE-A-BOCA-DITA-O-RITMO-DO-PARTO-300x300.jpg 300w, https:\/\/jornalconceitosaude.com.br\/wp-content\/uploads\/2026\/02\/A-VISAO-ODONTOCRONICOS-POR-QUE-A-BOCA-DITA-O-RITMO-DO-PARTO-100x100.jpg 100w\" sizes=\"auto, (max-width: 150px) 100vw, 150px\" \/><\/div><a class=\"wp-block-latest-posts__post-title\" href=\"https:\/\/jornalconceitosaude.com.br\/?p=928\">A VIS\u00c3O ODONTOCR\u00d4NICOS: POR QUE A BOCA DITA O RITMO DO PARTO?<\/a><div class=\"wp-block-latest-posts__post-author\">por Ant\u00f4nio Tavares Bueno Jr.<\/div><\/li>\n<\/ul>\n\n\n<p><\/p>\n","protected":false},"excerpt":{"rendered":"<p>Pr\u00e9-Natal Odontol\u00f3gico &#8211; A Engenharia dos 1000 Dias<\/p>\n","protected":false},"author":1,"featured_media":1125,"parent":0,"menu_order":0,"comment_status":"closed","ping_status":"closed","template":"","meta":{"footnotes":""},"class_list":["post-1112","page","type-page","status-publish","has-post-thumbnail","hentry"],"yoast_head":"<!-- This site is optimized with the Yoast SEO plugin v26.9 - https:\/\/yoast.com\/product\/yoast-seo-wordpress\/ -->\n<title>GESTANDO O FUTURO - Da Fisiologia da Gest\u00e3o \u00e0 Amamenta\u00e7\u00e3o Vertical - Conceito Sa\u00fade<\/title>\n<meta name=\"robots\" content=\"index, follow, max-snippet:-1, max-image-preview:large, max-video-preview:-1\" \/>\n<link rel=\"canonical\" href=\"https:\/\/jornalconceitosaude.com.br\/?page_id=1112\" \/>\n<meta property=\"og:locale\" content=\"pt_BR\" \/>\n<meta property=\"og:type\" content=\"article\" \/>\n<meta property=\"og:title\" content=\"GESTANDO O FUTURO - Da Fisiologia da Gest\u00e3o \u00e0 Amamenta\u00e7\u00e3o Vertical - Conceito Sa\u00fade\" \/>\n<meta property=\"og:description\" content=\"Pr\u00e9-Natal Odontol\u00f3gico &#8211; A Engenharia dos 1000 Dias\" \/>\n<meta property=\"og:url\" content=\"https:\/\/jornalconceitosaude.com.br\/?page_id=1112\" \/>\n<meta property=\"og:site_name\" content=\"Conceito Sa\u00fade\" \/>\n<meta property=\"article:publisher\" content=\"https:\/\/www.facebook.com\/profile.php?id=100066798382358\" \/>\n<meta property=\"article:modified_time\" content=\"2026-02-16T07:30:05+00:00\" \/>\n<meta property=\"og:image\" content=\"https:\/\/jornalconceitosaude.com.br\/wp-content\/uploads\/2026\/02\/Banner-pre-natal-PAGINA.png\" \/>\n\t<meta property=\"og:image:width\" content=\"1280\" \/>\n\t<meta property=\"og:image:height\" content=\"720\" \/>\n\t<meta property=\"og:image:type\" content=\"image\/png\" \/>\n<meta name=\"twitter:card\" content=\"summary_large_image\" \/>\n<meta name=\"twitter:label1\" content=\"Est. tempo de leitura\" \/>\n\t<meta name=\"twitter:data1\" content=\"1 minuto\" \/>\n<script type=\"application\/ld+json\" class=\"yoast-schema-graph\">{\"@context\":\"https:\/\/schema.org\",\"@graph\":[{\"@type\":\"WebPage\",\"@id\":\"https:\/\/jornalconceitosaude.com.br\/?page_id=1112\",\"url\":\"https:\/\/jornalconceitosaude.com.br\/?page_id=1112\",\"name\":\"GESTANDO O FUTURO - Da Fisiologia da Gest\u00e3o \u00e0 Amamenta\u00e7\u00e3o Vertical - Conceito Sa\u00fade\",\"isPartOf\":{\"@id\":\"https:\/\/jornalconceitosaude.com.br\/#website\"},\"primaryImageOfPage\":{\"@id\":\"https:\/\/jornalconceitosaude.com.br\/?page_id=1112#primaryimage\"},\"image\":{\"@id\":\"https:\/\/jornalconceitosaude.com.br\/?page_id=1112#primaryimage\"},\"thumbnailUrl\":\"https:\/\/jornalconceitosaude.com.br\/wp-content\/uploads\/2026\/02\/Banner-pre-natal-PAGINA.png\",\"datePublished\":\"2026-02-13T00:38:14+00:00\",\"dateModified\":\"2026-02-16T07:30:05+00:00\",\"breadcrumb\":{\"@id\":\"https:\/\/jornalconceitosaude.com.br\/?page_id=1112#breadcrumb\"},\"inLanguage\":\"pt-BR\",\"potentialAction\":[{\"@type\":\"ReadAction\",\"target\":[\"https:\/\/jornalconceitosaude.com.br\/?page_id=1112\"]}]},{\"@type\":\"ImageObject\",\"inLanguage\":\"pt-BR\",\"@id\":\"https:\/\/jornalconceitosaude.com.br\/?page_id=1112#primaryimage\",\"url\":\"https:\/\/jornalconceitosaude.com.br\/wp-content\/uploads\/2026\/02\/Banner-pre-natal-PAGINA.png\",\"contentUrl\":\"https:\/\/jornalconceitosaude.com.br\/wp-content\/uploads\/2026\/02\/Banner-pre-natal-PAGINA.png\",\"width\":1280,\"height\":720},{\"@type\":\"BreadcrumbList\",\"@id\":\"https:\/\/jornalconceitosaude.com.br\/?page_id=1112#breadcrumb\",\"itemListElement\":[{\"@type\":\"ListItem\",\"position\":1,\"name\":\"In\u00edcio\",\"item\":\"https:\/\/jornalconceitosaude.com.br\/\"},{\"@type\":\"ListItem\",\"position\":2,\"name\":\"GESTANDO O FUTURO &#8211; Da Fisiologia da Gest\u00e3o \u00e0 Amamenta\u00e7\u00e3o Vertical\"}]},{\"@type\":\"WebSite\",\"@id\":\"https:\/\/jornalconceitosaude.com.br\/#website\",\"url\":\"https:\/\/jornalconceitosaude.com.br\/\",\"name\":\"Jornal Conceito Sa\u00fade\",\"description\":\"Desde 2012\",\"publisher\":{\"@id\":\"https:\/\/jornalconceitosaude.com.br\/#organization\"},\"potentialAction\":[{\"@type\":\"SearchAction\",\"target\":{\"@type\":\"EntryPoint\",\"urlTemplate\":\"https:\/\/jornalconceitosaude.com.br\/?s={search_term_string}\"},\"query-input\":{\"@type\":\"PropertyValueSpecification\",\"valueRequired\":true,\"valueName\":\"search_term_string\"}}],\"inLanguage\":\"pt-BR\"},{\"@type\":\"Organization\",\"@id\":\"https:\/\/jornalconceitosaude.com.br\/#organization\",\"name\":\"Editora Conceito\",\"url\":\"https:\/\/jornalconceitosaude.com.br\/\",\"logo\":{\"@type\":\"ImageObject\",\"inLanguage\":\"pt-BR\",\"@id\":\"https:\/\/jornalconceitosaude.com.br\/#\/schema\/logo\/image\/\",\"url\":\"https:\/\/jornalconceitosaude.com.br\/wp-content\/uploads\/2026\/02\/cropped-Logo-Jornal-Conceito-Saude.png\",\"contentUrl\":\"https:\/\/jornalconceitosaude.com.br\/wp-content\/uploads\/2026\/02\/cropped-Logo-Jornal-Conceito-Saude.png\",\"width\":1998,\"height\":480,\"caption\":\"Editora Conceito\"},\"image\":{\"@id\":\"https:\/\/jornalconceitosaude.com.br\/#\/schema\/logo\/image\/\"},\"sameAs\":[\"https:\/\/www.facebook.com\/profile.php?id=100066798382358\",\"https:\/\/www.instagram.com\/jornalconceitosaude\/\"]}]}<\/script>\n<!-- \/ Yoast SEO plugin. -->","yoast_head_json":{"title":"GESTANDO O FUTURO - Da Fisiologia da Gest\u00e3o \u00e0 Amamenta\u00e7\u00e3o Vertical - Conceito Sa\u00fade","robots":{"index":"index","follow":"follow","max-snippet":"max-snippet:-1","max-image-preview":"max-image-preview:large","max-video-preview":"max-video-preview:-1"},"canonical":"https:\/\/jornalconceitosaude.com.br\/?page_id=1112","og_locale":"pt_BR","og_type":"article","og_title":"GESTANDO O FUTURO - Da Fisiologia da Gest\u00e3o \u00e0 Amamenta\u00e7\u00e3o Vertical - Conceito Sa\u00fade","og_description":"Pr\u00e9-Natal Odontol\u00f3gico &#8211; A Engenharia dos 1000 Dias","og_url":"https:\/\/jornalconceitosaude.com.br\/?page_id=1112","og_site_name":"Conceito Sa\u00fade","article_publisher":"https:\/\/www.facebook.com\/profile.php?id=100066798382358","article_modified_time":"2026-02-16T07:30:05+00:00","og_image":[{"width":1280,"height":720,"url":"https:\/\/jornalconceitosaude.com.br\/wp-content\/uploads\/2026\/02\/Banner-pre-natal-PAGINA.png","type":"image\/png"}],"twitter_card":"summary_large_image","twitter_misc":{"Est. tempo de leitura":"1 minuto"},"schema":{"@context":"https:\/\/schema.org","@graph":[{"@type":"WebPage","@id":"https:\/\/jornalconceitosaude.com.br\/?page_id=1112","url":"https:\/\/jornalconceitosaude.com.br\/?page_id=1112","name":"GESTANDO O FUTURO - Da Fisiologia da Gest\u00e3o \u00e0 Amamenta\u00e7\u00e3o Vertical - Conceito Sa\u00fade","isPartOf":{"@id":"https:\/\/jornalconceitosaude.com.br\/#website"},"primaryImageOfPage":{"@id":"https:\/\/jornalconceitosaude.com.br\/?page_id=1112#primaryimage"},"image":{"@id":"https:\/\/jornalconceitosaude.com.br\/?page_id=1112#primaryimage"},"thumbnailUrl":"https:\/\/jornalconceitosaude.com.br\/wp-content\/uploads\/2026\/02\/Banner-pre-natal-PAGINA.png","datePublished":"2026-02-13T00:38:14+00:00","dateModified":"2026-02-16T07:30:05+00:00","breadcrumb":{"@id":"https:\/\/jornalconceitosaude.com.br\/?page_id=1112#breadcrumb"},"inLanguage":"pt-BR","potentialAction":[{"@type":"ReadAction","target":["https:\/\/jornalconceitosaude.com.br\/?page_id=1112"]}]},{"@type":"ImageObject","inLanguage":"pt-BR","@id":"https:\/\/jornalconceitosaude.com.br\/?page_id=1112#primaryimage","url":"https:\/\/jornalconceitosaude.com.br\/wp-content\/uploads\/2026\/02\/Banner-pre-natal-PAGINA.png","contentUrl":"https:\/\/jornalconceitosaude.com.br\/wp-content\/uploads\/2026\/02\/Banner-pre-natal-PAGINA.png","width":1280,"height":720},{"@type":"BreadcrumbList","@id":"https:\/\/jornalconceitosaude.com.br\/?page_id=1112#breadcrumb","itemListElement":[{"@type":"ListItem","position":1,"name":"In\u00edcio","item":"https:\/\/jornalconceitosaude.com.br\/"},{"@type":"ListItem","position":2,"name":"GESTANDO O FUTURO &#8211; Da Fisiologia da Gest\u00e3o \u00e0 Amamenta\u00e7\u00e3o Vertical"}]},{"@type":"WebSite","@id":"https:\/\/jornalconceitosaude.com.br\/#website","url":"https:\/\/jornalconceitosaude.com.br\/","name":"Jornal Conceito Sa\u00fade","description":"Desde 2012","publisher":{"@id":"https:\/\/jornalconceitosaude.com.br\/#organization"},"potentialAction":[{"@type":"SearchAction","target":{"@type":"EntryPoint","urlTemplate":"https:\/\/jornalconceitosaude.com.br\/?s={search_term_string}"},"query-input":{"@type":"PropertyValueSpecification","valueRequired":true,"valueName":"search_term_string"}}],"inLanguage":"pt-BR"},{"@type":"Organization","@id":"https:\/\/jornalconceitosaude.com.br\/#organization","name":"Editora Conceito","url":"https:\/\/jornalconceitosaude.com.br\/","logo":{"@type":"ImageObject","inLanguage":"pt-BR","@id":"https:\/\/jornalconceitosaude.com.br\/#\/schema\/logo\/image\/","url":"https:\/\/jornalconceitosaude.com.br\/wp-content\/uploads\/2026\/02\/cropped-Logo-Jornal-Conceito-Saude.png","contentUrl":"https:\/\/jornalconceitosaude.com.br\/wp-content\/uploads\/2026\/02\/cropped-Logo-Jornal-Conceito-Saude.png","width":1998,"height":480,"caption":"Editora Conceito"},"image":{"@id":"https:\/\/jornalconceitosaude.com.br\/#\/schema\/logo\/image\/"},"sameAs":["https:\/\/www.facebook.com\/profile.php?id=100066798382358","https:\/\/www.instagram.com\/jornalconceitosaude\/"]}]}},"_links":{"self":[{"href":"https:\/\/jornalconceitosaude.com.br\/index.php?rest_route=\/wp\/v2\/pages\/1112","targetHints":{"allow":["GET"]}}],"collection":[{"href":"https:\/\/jornalconceitosaude.com.br\/index.php?rest_route=\/wp\/v2\/pages"}],"about":[{"href":"https:\/\/jornalconceitosaude.com.br\/index.php?rest_route=\/wp\/v2\/types\/page"}],"author":[{"embeddable":true,"href":"https:\/\/jornalconceitosaude.com.br\/index.php?rest_route=\/wp\/v2\/users\/1"}],"replies":[{"embeddable":true,"href":"https:\/\/jornalconceitosaude.com.br\/index.php?rest_route=%2Fwp%2Fv2%2Fcomments&post=1112"}],"version-history":[{"count":12,"href":"https:\/\/jornalconceitosaude.com.br\/index.php?rest_route=\/wp\/v2\/pages\/1112\/revisions"}],"predecessor-version":[{"id":1167,"href":"https:\/\/jornalconceitosaude.com.br\/index.php?rest_route=\/wp\/v2\/pages\/1112\/revisions\/1167"}],"wp:featuredmedia":[{"embeddable":true,"href":"https:\/\/jornalconceitosaude.com.br\/index.php?rest_route=\/wp\/v2\/media\/1125"}],"wp:attachment":[{"href":"https:\/\/jornalconceitosaude.com.br\/index.php?rest_route=%2Fwp%2Fv2%2Fmedia&parent=1112"}],"curies":[{"name":"wp","href":"https:\/\/api.w.org\/{rel}","templated":true}]}}